b).
1
Let g(y) be the first derivative of 2*y**2 - y - 887. Calculate g(-1).
-5
Let t(c) be the second derivative of c**5/20 - 5*c**4/12 - 3*c**3/2 + 3*c**2/2 - c. Let h be (67 - 82) + -3 + 24. Give t(h).
-15
Let i be (-4 - (-108)/24)*0. Let j(a) = 3*a - 10. Calculate j(i).
-10
Let g(t) = t**2 + 3*t. Let l be g(-3). Suppose l*r + 3 = r. Let s(a) = 5 + a**2 - 7*a + a**2 - r*a**2 - 8. Give s(-5).
7
Let x(d) = -10*d**3 + 2*d**2 + 2*d + 1. Let q(b) = 10*b - 109. Let s(a) = -5*a + 54. Let o(c) = -3*q(c) - 7*s(c). Let f be o(10). Give x(f).
11
Suppose 0 = -3*k - 16 + 70. Let w = k - 16. Let g(v) = -w*v**2 + 4*v**3 - 1 + 15*v + v**2 - 16*v. Determine g(-1).
-5
Let i(a) = -a - 10. Let m = 393 - 272. Let g be (-172)/22 + (-22)/m. Determine i(g).
-2
Let w be (0 + -2 - 4)*1. Suppose h - 2*d = 3*h - 2, 2*d - 6 = -4*h. Let i(m) = 2*m - 8*m - h*m**3 + m**3 + m - 7*m**2 + 4. Calculate i(w).
-2
Suppose -6*s + 16 = -8*s. Let a(b) = b**3 + 9*b**2 + 9*b + 4. Determine a(s).
-4
Let q(x) = -22*x - 2. Suppose 4*m + 45 = 2*s + 23, 4*s - 11 = -3*m. Determine q(m).
64
Let y(c) = 1. Let h(n) = 5*n + 6. Let f(b) = -h(b) + 5*y(b). Let p = 54 - 56. Calculate f(p).
9
Let g be (720/(-330))/((-6)/33). Let d(u) = u**3 - 12*u**2 - 5. Determine d(g).
-5
Let t(m) = -m**2 - 54*m - 600. Let c be t(-16). Let a(w) = -3*w + 30. Calculate a(c).
6
Suppose 0 = f - 2 - 3. Let k(j) = j**2 + j + 15. Let l(p) = -2*p**2 - 3*p - 37. Let u(x) = -7*k(x) - 3*l(x). What is u(f)?
-9
Suppose -3*k = -5*p - 26, -3*p + k - 8 = 3*k. Let h(w) = w**3 + 5*w**2 + 5*w + 1. What is h(p)?
-3
Suppose -u + 5 = -1. Let c(d) = 3*d**3 + 7*d**2 - 13*d + 7. Let f = 43 + -47. Let b(v) = -7*v**3 - 14*v**2 + 27*v - 14. Let l(x) = f*b(x) - 9*c(x). Give l(u).
11
Let n be (5 - 5)*1/2. Let i(s) = s + n*s + 24 - 29. What is i(-5)?
-10
Let l(s) be the second derivative of -s**4/12 + 5*s**3/6 + s**2/2 + 164*s. Let r(b) = -6*b + 7*b - 3 + 3. Let m be r(6). Give l(m).
-5
Let w(y) = -11 + 14*y**2 - 16*y**2 + 3*y**2 + 5*y. Calculate w(-5).
-11
Let p(u) be the third derivative of u**4/24 + 11*u**3/3 + u**2 + 194*u. Determine p(-9).
13
Let t(f) = -4*f**3 - 2*f**2 - 2*f - 1. Suppose -4*k + 0*h = -3*h + 16, -5*k + 7 = 3*h. Determine t(k).
3
Let k(x) = -3 + 2*x**2 + 138*x**3 + 2*x - 139*x**3 + 4*x. Give k(4).
-11
Let z(f) = 3*f + 9. Let h(l) = l**3 + 4*l**2 + 11*l + 44. Let b be h(-4). What is z(b)?
9
Let y be 2/(-3) + (-60)/(-9). Let v(g) = g**3 + g**2 + g + 9. Let l(z) = -2*z**3 - 4*z**2 - z - 19. Let h(r) = -4*l(r) - 9*v(r). What is h(y)?
1
Let s(o) = -o - 1. Suppose 3*p = 5*p + 2. Let a(q) = 2*q - 3. Let t(x) = p*a(x) + 4*s(x). What is t(1)?
-7
Let p(x) = 7*x - 6*x + 2*x - 7 + x**2 + 5. Give p(4).
26
Let k(t) = -t**2 + t - 7. Let g(c) = 8*c - 152. Let m be g(19). Calculate k(m).
-7
Let r(b) = b**2 + 12*b + 29. Let u(v) = -v**2 - 4*v - 4. Let y be u(-5). Let d be r(y). Let s(o) be the first derivative of -7*o**2/2 + o + 1. Calculate s(d).
-13
Let o(b) be the first derivative of b**2 + b + 1. Let v(k) = 7*k + 15. Let n be v(-2). Suppose -w = r - 1 - n, 3*w + 2 = 5*r. What is o(r)?
3
Let c(q) = -q**2 - 17. Suppose -2*l + 12 = 4*j, 3*l + 17*j - 22*j = -15. Give c(l).
-17
Let w be (-6)/39 + (-216)/(-52). Suppose 2*o + w = 3*j - 12, -2*o = -5*j + 24. Let a be o/(-11) - 65/55. Let z(n) = -n**2 + n + 1. Give z(a).
-1
Let j = 103 - 101. Let c = 8 - 6. Let s(v) = 2*v - v**c + 2*v**3 + v - 4*v - 1. Calculate s(j).
9
Let d = -2 + 4. Let x(m) = -11*m**3 - 5*m**2 + 9*m - 2. Let z(y) = -5*y**3 - 2*y**2 + 4*y - 1. Let p = 2 - -7. Let k(q) = p*z(q) - 4*x(q). Give k(d).
-1
Let i(m) = m + 321 + 323 - 633. What is i(-4)?
7
Let p(w) = -w**2 - 3*w + 7. Suppose 0 = 15*x - 21*x - 24. Let z be p(x). Let j(c) = -c + 1. Calculate j(z).
-2
Let c(h) be the first derivative of -2*h**3/3 + h**2 - h - 2202. Suppose -4 = -5*a + 4*y + 3, 0 = 3*y - 6. Calculate c(a).
-13
Let x(f) = f**3 + f**2 + f - 2. Suppose -7*c + 18*c = 121. Suppose -c*p + 15*p = -8. Determine x(p).
-8
Let h be ((-1)/(-2))/((-1)/8). Let x(l) be the third derivative of -1/12*l**4 - 2/3*l**3 + 0*l + 0 + 66*l**2 - 1/60*l**5. Calculate x(h).
-12
Let b = 0 - -80. Let k = 75 - b. Let r(z) be the third derivative of -z**6/120 - z**5/10 - 5*z**4/24 + z**3/2 + z**2. Determine r(k).
3
Let d(c) = -c**2 - 28*c - 47. Let x be d(-26). Suppose -4*b - 14 = p, 3*p - 49 = -p + x*b. Let o(g) = -g**2 + 5*g - 4. Determine o(p).
-10
Let y(r) = -2*r**2 - 4*r + 3. Let q(x) = -3*x**2 - 4*x + 3. Let m(b) = 3*q(b) - 4*y(b). Calculate m(3).
0
Let a(t) = t**3 + 5*t**2 + t + 7. Let w be a(-5). Let z(v) = 1 - v**3 - 5*v**w - 3*v + 0*v - 7. Let b = -49 - -45. Determine z(b).
-10
Let r be (30/(-21))/((-1)/7). Let k(h) = r*h + 2 - 10*h - h**2. Suppose -4*f - 2 = -3*f - u, -5*u = -4*f - 8. Determine k(f).
-2
Let f(o) = o**3 + 4*o**2 - 10*o - 1. Let j = 46 - 39. Let q(x) = x**3 + 5*x**2 - 11*x - 1. Let i(p) = j*f(p) - 6*q(p). Calculate i(4).
15
Let y(f) = -10*f - 8. Let p(m) = 57*m + 46. Let k(q) = -6*p(q) - 34*y(q). Give k(-5).
6
Let j(d) = -4*d**2 + 5*d - 5. Let v(w) = 9*w**2 - 9*w + 10. Let f(q) = 5*j(q) + 2*v(q). Suppose 0 = -10*s + 29 + 11. Calculate f(s).
-9
Let t(b) be the third derivative of -b**5/60 + b**4/12 + 5*b**3/6 - 12*b**2. Let z = -28 - -16. Let l be 16/z*9/(-3). Determine t(l).
-3
Let k(y) be the third derivative of -1/12*y**4 - 1/6*y**3 - 1/40*y**6 + 0*y**5 + 0*y + 4*y**2 + 0. Suppose 3 = -5*x - 2. What is k(x)?
4
Let f(h) = -7*h + 12. Let m(d) = 132*d - 234. Let k(j) = -117*f(j) - 6*m(j). Calculate k(1).
27
Let b(i) be the third derivative of i**5/60 - i**4/24 + i**3/6 - i**2. Suppose -h = 5*h - 7*h. Give b(h).
1
Let m be (-24)/(-18)*3/2. Let l(n) = 3*n - n**2 + m*n**2 + 0*n + 2 - 5*n. Suppose 2*w - 6 = -0. Determine l(w).
5
Let a be (-21 + -1)/2 - (3 + -8). Let o(y) = 3*y - 8. Calculate o(a).
-26
Suppose 0 = -8*a + 3*a - 5*t + 10, 0 = -5*a - 3*t + 10. Let p(o) = 5*o**2 + 5*o**a - 3*o**2 - 4*o**2. What is p(-1)?
3
Let z(y) = -y - 19. Let j(v) = v**2 - 6*v - 10. Let n be j(6). Calculate z(n).
-9
Suppose -4*u - 10 - 36 = -5*x, 5*u - 3*x = -51. Let m = u - -13. Let i(c) = 0*c - m*c + 5*c - 11 - 2*c. Give i(-8).
-3
Let d(n) be the third derivative of 7*n**6/120 - n**4/24 + n**3/6 - n**2. Let w = 40 + -38. Let i be (w - -2) + 1 + -4. Determine d(i).
7
Let j(d) be the first derivative of d**2 - 5*d - 591. Calculate j(0).
-5
Suppose 0 = -7*o + 2*o - 35. Let x = o - -4. Let j(f) = 4*f**2 + 1. Let y(i) = -7*i**2 + i - 1. Let k(l) = 5*j(l) + 3*y(l). Give k(x).
-16
Let n(z) be the first derivative of z**6/180 + z**5/24 - z**4/24 - 10*z**3/3 - 35. Let y(l) be the third derivative of n(l). What is y(-5)?
24
Let i(a) = -a**2 - 6*a + 5. Let g(n) = 6*n + 48. Let f be g(0). Suppose 4*x + f = -4*x. Determine i(x).
5
Let y(n) = -4*n**2 - 6*n - 1. Let q(d) = -2 - 13*d + 0 + 2527*d**2 - 2534*d**2. Let v(u) = -4*q(u) + 9*y(u). Give v(-1).
-7
Let q be 4*(1 - 3/(-6)). Suppose y + 3*w + 8 = 0, 5*w + 52 = 3*y + q. Suppose 3 + y = 2*d. Let l(u) = 2*u + 1. What is l(d)?
11
Let u(w) = 2*w + 2*w**2 - 4*w**2 + w**2 + 3. Suppose 91*c = 104*c - 39. Determine u(c).
0
Let l be (-3)/2*(1 + 1). Suppose 4*b - 20 = 0, -m = -0*m + 3*b - 15. Let y(x) = m + 4*x - 2*x + 4 - 7. What is y(l)?
-9
Let w(z) = -z - 9. Let r(i) = -2*i**3 + 4*i**2 - 2*i - 10. Let t be r(0). Calculate w(t).
1
Let u(n) be the first derivative of n**4/4 - 17*n**3/3 - n**2/2 + 14*n - 29. What is u(17)?
-3
Let w(m) = -2*m**2 + m + 2. Let z(h) = -6*h**2 - 1. Let t(f) = 4*w(f) - z(f). What is t(-2)?
-7
Let a = 812 - 816. Let b(h) = 11*h + 37. Calculate b(a).
-7
Let o(w) = -8 + 19 - 12 - 5*w + 2*w - 3. Determine o(-2).
2
Let x be ((-4)/(-10))/(5 - (-962)/(-195)). Let h(u) = -u**3 + u**2 - 1. Let v(z) = 5*z**3 - 9*z**2 - 9*z + 12. Let y(n) = -4*h(n) - v(n). Determine y(x).
10
Let l be (-3)/(-3)*3/(1 - -2). Suppose -f - l = 3. Let s(m) = -m**2 - 4*m - 6. Determine s(f).
-6
Let u(p) = p + 2. Let z be ((-12)/14)/((-9)/63). Suppose -4*n + z = -5*s, 0 = 3*n + 2*n - 20. Calculate u(s).
4
Let i(p) be the first derivative of 7/2*p**2 + 5/3*p**3 + 11 + 1/4*p**4 + 4*p. Determine i(-4).
-8
Let r(h) = 67*h + 41. Let s(n) = 30*n + 21. Let t(f) = 4*r(f) - 9*s(f). What is t(-12)?
-1
Let h = -38 - -40. Let l(u) = -3 - 18*u - 14*u + 31*u + u**h. Give l(4).
9
Let i(q) be the third derivative of -q*